rime factors of a?
2, 53
Let r(i) = -168*i + 560. Let a(v) = -13*v + 43. Let k(s) = -77*a(s) + 6*r(s). What are the prime factors of k(-9)?
2, 7
Let t = -935 - -1395. Let u = t + -285. List the prime factors of u.
5, 7
Suppose -12952 = -12*c + 10772. What are the prime factors of c?
3, 659
Let h(g) = g**2 - 4*g + 1. Let p be h(5). Let n = p + -2. Suppose -n*i = -f - 11, -5*i = -3*f - 0*f - 12. What are the prime factors of i?
3
Let r be (2/10)/((-15)/(-11325)). Let o = 175 + -271. Let p = r + o. List the prime factors of p.
5, 11
List the prime factors of (-33618)/195*((-5)/2 + 0).
431
Let m(o) = -289*o - 1. Let x be m(-1). Suppose 5*r = r + x. What are the prime factors of r?
2, 3
Let k(s) = -3*s**3 + 2*s**2 - 2*s - 4. Let m be k(-3). Let h = 41 - -10. Let q = m - h. What are the prime factors of q?
2, 5
Suppose -4*k + 2759 = i, -9*i + 7*i + 5508 = 3*k. What are the prime factors of i?
3, 7, 131
Let i be ((-6)/4)/((-15)/80). Suppose -4*n = 4 + 4, 2*j - 5*n = -i. Let r(g) = g**3 + 9*g**2 - g - 3. What are the prime factors of r(j)?
2, 3
Suppose -l + 0*l = -4. Suppose 0 = -4*g + 1033 - 9. What are the prime factors of (3/l)/(4/g)?
2, 3
Let g = 30 + -27. Suppose -2*y = v - 43, -v - 4*y + g*y = -39. What are the prime factors of v?
5, 7
Let i = -234 - -437. List the prime factors of i.
7, 29
What are the prime factors of 2723 - (11 + -10)*-7?
2, 3, 5, 7, 13
Let b(t) = -t**2 + 6*t - 4. Let u be 8*(12/8)/3. Let v be b(u). Suppose -4*k = k - v*d - 119, 0 = -5*k + 5*d + 115. List the prime factors of k.
3
Suppose -15 - 2275 = -2*d. What are the prime factors of d?
5, 229
Suppose 12287 = 22*g - 11165. List the prime factors of g.
2, 13, 41
Let t(p) = p**2 - 3*p - 10. Let x be t(9). Let r = x - 63. Let s = -2 - r. List the prime factors of s.
17
What are the prime factors of (12 + -503)*35/(-5)?
7, 491
Suppose -28*q + 7670 = -45418. What are the prime factors of q?
2, 3, 79
Suppose g + 5*t + 42 = 3*t, -2*g + 3*t = 105. What are the prime factors of (-1222)/(-10) + g/(-60)?
3, 41
Suppose -2*n + 4255 + 1541 = 0. What are the prime factors of n?
2, 3, 7, 23
Let h(y) = -y**2 + 13*y. Let c be ((-66)/15)/((-6)/15). Let v be h(c). Let d = v + 4. List the prime factors of d.
2, 13
Let u(l) = -22*l**2 + 14*l**2 - 4 - 2*l**3 + 4*l + 3*l**3. What are the prime factors of u(8)?
2, 7
Suppose t + 2*w - 6*w - 11 = 0, -t - 4*w + 43 = 0. What are the prime factors of (-4)/(-18) + (1 - (-750)/t)?
29
Let m be (10/(-3))/((-4)/6). Suppose 0 = 2*p - m - 1. Suppose -39 = p*b - 111. List the prime factors of b.
2, 3
Suppose j = -2*k - 2, 3*k - 4*k + 4 = -2*j. Let v be (-1)/(-2*(-1)/j). List the prime factors of (-135)/(-6) + v/2.
23
Let m be 266 + 0 + (-16 - -20). Let q = m - -61. Suppose 0 = 5*a - i + 106 - q, 3*i + 90 = 2*a. What are the prime factors of a?
3, 5
Let w = 66 - 63. Suppose w*j + 9 - 147 = 0. List the prime factors of j.
2, 23
List the prime factors of (-4*(-75)/(-80))/((-3)/1344).
2, 3, 5, 7
Suppose 5*j - 8*x + 20 = -3*x, j = -2*x + 11. What are the prime factors of ((4 - j)/3)/((-2)/(-34))?
17
Let z(g) = -g**3 - 9*g**2 + 6*g - 8. Let h be z(-10). List the prime factors of h/(-10)*(0 - (2 - -28)).
2, 3
Let b = 1451 + -912. What are the prime factors of b?
7, 11
Suppose 39 = -0*a + 3*a. Let d be a*-1 + (-1 - -3). Let o = d - -15. What are the prime factors of o?
2
Let f(w) = w**3 - 5*w**2 - 3*w - 6. Let t be f(6). Let o(i) = -2*i - 12. Let q be o(-6). Let j = q + t. What are the prime factors of j?
2, 3
Suppose 0 = 5*g - 0*k - 2*k - 546, 0 = -2*g - 4*k + 204. What are the prime factors of g?
2, 3
What are the prime factors of -5 + ((-168)/96)/(1/(-296))?
3, 19
Let z be (0 - 0)/((2/(-1))/2). Suppose z = -2*o + 4*h + 128, -5*h = -4*o + 303 - 41. List the prime factors of o.
2, 17
Let p(d) = -11 - 5*d + 11*d**2 - 11 + 3 + 32 - d**3. List the prime factors of p(8).
3, 5, 11
Let y be 6*1*(-8)/(-12). Let i(q) = -3 + 1 + y*q - q - 4. What are the prime factors of i(5)?
3
Suppose -t + 0 - 1 = -2*d, -5*t - 3*d = -60. List the prime factors of t/((-27)/6) - -296.
2, 3, 7
Let r be 2 - (4 - (-4)/(-4)). Let x(f) = -2*f**3 - f**2 + 1. Let o be x(r). List the prime factors of ((-5)/15)/(o/(-138)).
23
Suppose -3290 - 4210 = -5*c. Suppose -c = 3*w - 9*w. List the prime factors of w.
2, 5
Let h = 167 + -68. Suppose -2*l - 394 + 7764 = 0. List the prime factors of l/h + 4/(-18).
37
Let f be (-3)/(-12) + (-33)/(-12). Suppose f*b + b = -8. List the prime factors of 16 + (b - (2 + -4)).
2
Let u(h) = h**3 + 6 - 2*h**3 + 4 - 9*h**2 - 4*h + h. Let x be u(-8). Let y = x - -53. List the prime factors of y.
23
Let l = 55 - 50. Suppose -7*t + 10 = -l*t. List the prime factors of t.
5
Let l(k) = -53*k - 2. What are the prime factors of l(-8)?
2, 211
Suppose -84*v = -51*v - 98835. What are the prime factors of v?
5, 599
Let a(z) = -z**2 - 4*z + 244. List the prime factors of a(0).
2, 61
Suppose 11070 + 3085 = 5*n. What are the prime factors of n?
19, 149
Let b = -2 + -2. Let v be 6/b - 76/(-8). Let p = 16 - v. What are the prime factors of p?
2
Let g(d) = -d**3 + 6*d**2 - 11*d + 2. Let m be g(6). Let p = m - -120. List the prime factors of p.
2, 7
Suppose 11 = -n + 2*k - 7*k, -5*n - k + 17 = 0. Suppose -v = n - 8. List the prime factors of 1*(0 - v) + 35.
31
Let z = -125 - -131. Suppose 257 - 1787 = -z*j. What are the prime factors of j?
3, 5, 17
List the prime factors of (487/2)/(-3 - (-76)/24).
3, 487
Let j be 5*1*320/(-25). List the prime factors of 5 - 1 - (j + 12).
2, 7
Let s be (18 + -2)/(-4) - -5. Let l = 20 - 9. Let j = s + l. List the prime factors of j.
2, 3
Suppose 5*o - 3575 = -x + 10247, 6*x - 13807 = -5*o. What are the prime factors of o?
5, 7, 79
Let b(s) = -s**3 - 5*s**2 - 6*s - 6. Let x be b(-4). Suppose -2*a - d + x*d - 8 = 0, -3*a - 3*d - 3 = 0. List the prime factors of (-1)/((-60)/(-21) + a).
7
Let d(u) = u**2 + 5*u - 4. Suppose 14 = -5*z - 16. Let g be d(z). What are the prime factors of -2 + g + -2 - -7?
5
Let x = 17 + -14. Let d be (-3)/(3/(-7)) - x. What are the prime factors of (-6)/d*(-5 + -9)?
3, 7
Let w(m) = m**3 + 13*m**2 + 15*m + 17. List the prime factors of w(-9).
2, 103
Suppose -5*z + 20 = -3*n, 11 = 3*z + 4*n - 30. Let f = -4 + z. Suppose -2 = -2*o + o, -3*o = -f*m + 57. List the prime factors of m.
3, 7
Let b = 110 - -66. List the prime factors of b.
2, 11
List the prime factors of (134 - -16) + 0 + -2 + 1.
149
Let r(a) = 21*a**2 + 7*a - 19. List the prime factors of r(-10).
2011
Suppose -4*i + 5*o - 167 = -62, 0 = -3*i - 3*o - 45. Let s be (2/(-1))/(8/i). Suppose 3*p - 4 + 1 = 0, -s*p - 7 = -4*d. List the prime factors of d.
3
Let t be 36/234 - (-2338)/13. Suppose 17*o = 12*o + t. List the prime factors of o.
2, 3
Let p = 211 + -118. Suppose 0 = -s - 2*l + 15 - 6, -p = -5*s + 2*l. What are the prime factors of s?
17
Let i = 7 + 30. Let z = i + 113. Suppose 15 + z = 5*n. List the prime factors of n.
3, 11
Let z = 26 + -28. Let l(q) = -3*q**3 - 2*q**2 + 2*q + 3. What are the prime factors of l(z)?
3, 5
Let f be (-4)/4 + (-1 - -2). Suppose 2*d + 6 = f, 5*d = -4*a + 38 + 15. List the prime factors of a.
17
Suppose 7*v - 9414 = -11*v. What are the prime factors of v?
523
Suppose -4*t - 2*q = 4, 3*t + 3 = -q + 1. Let k be 1/(-2)*t/4. Suppose k = 5*v - 165 + 30. List the prime factors of v.
3
List the prime factors of 0 - ((-585)/(-10))/(2/(-4)).
3, 13
Let i be 3/(-6)*-2 - -3. Let z be i*(0 + 1) - 11. What are the prime factors of (-1)/z + (-973)/(-49)?
2, 5
Suppose 5224 = 12*l - 1076. List the prime factors of l.
3, 5, 7
Suppose -3*b - 8 + 14 = 0. Let q(y) = -1 + 7*y**3 + 4*y - 6*y**3 - 2*y**2 - b*y**2. List the prime factors of q(3).
2
Suppose -p + 89 = -3*k, -p - p + 58 = -2*k. What are the prime factors of -3*5/k*38?
19
Let r(v) = -3*v**2 - 3*v - 3. Let p be r(-2). Let q be (4/6)/(p/(-27)). List the prime factors of 0 + q/(-1) + 9.
7
Let c(j) = 11*j + 2. Let d(y) = 9*y + 1. Let t(k) = -5*c(k) + 6*d(k). What are the prime factors of t(-9)?
5
Let v(q) = 6*q - 3. Suppose 5*p = 12 + 3. List the prime factors of v(p).
3, 5
Let r(c) = -c + 12. Let l be r(10). Suppose -3*y = q + 26, -4*y - l*q - 3*q = 20. Let o = y + 23. What are the prime factors of o?
13
Suppose -5*d - 4 = -4*y + 94, d = 2. Suppose 3*t = 8*t + 5, 5*i + 2*t = -27. Let v = y - i. What are the 